4 = -5*z. What is the units digit of t?
2
Suppose -4*b - f - 2763 = 0, -2*f - 3455 = 5*b - f. Let i = b - -1372. What is the units digit of i?
0
Let y(m) = -m - 1. Let p(j) be the third derivative of -j**4/8 - 13*j**3/6 + 20*j**2. Let f(d) = -p(d) - 6*y(d). What is the tens digit of f(7)?
8
Let v be (38 + -13)*((-553)/(-5) + -1). Suppose -2*d + 1370 = q, 4*d - 46*q = -51*q + v. What is the hundreds digit of d?
6
Let n(z) = 10*z + 13. Suppose 4*b = -0*b + 16. Let i(h) = -19*h - 26. Let q(c) = b*i(c) + 7*n(c). What is the units digit of q(-14)?
1
Suppose 634*y = 606*y - 168155 + 437655. What is the units digit of y?
5
Let u(f) = -f**3 - 10*f**2 + 30*f + 8. Let o(t) = -t**2 + 4*t. Let c be o(6). Let w be u(c). Let j = w + 162. What is the units digit of j?
8
Suppose 12*t = -3*v + 16*t + 20371, -4*v = -3*t - 27145. What is the hundreds digit of v?
7
Suppose -h - 3*v - 1 = 20, 4*h + 44 = -4*v. Let p(y) = 5*y**2 - 15*y - 14. Let w be p(h). Let m = -53 + w. What is the units digit of m?
3
Let p(n) = 20*n + 358. Suppose -195 = 30*i - 1065. What is the tens digit of p(i)?
3
What is the tens digit of (3 - -11) + 3709 + 0?
2
Let k(q) = -q**3 + 27*q**2 + 31*q + 16. Let t(j) = -j**3 - 28*j**2 - 28*j + 1. Let o be t(-27). What is the hundreds digit of k(o)?
1
Let k = 2882 - 885. What is the hundreds digit of k?
9
Suppose 7 = m - 1. Let a(c) = 67*c - 303. What is the tens digit of a(m)?
3
Let b(w) = -w**3 + 56*w**2 + 88*w - 967. What is the hundreds digit of b(47)?
0
Suppose 4*n + 2*r - 5 = -37, n - r + 14 = 0. Let k be (8/n)/(10/(-50)). Suppose -4*y = 2*q - 346, k*y - 2*q - 2*q = 316. What is the tens digit of y?
8
Let c = -10781 + 21320. What is the units digit of c?
9
Let i be 5 + -2 + 17 + -17. Let u(k) = 35*k**3 - 7*k**2 + 10*k + 7. What is the hundreds digit of u(i)?
9
Suppose 0 = 2*v - 4, -3*m - 3*v - 1625 + 11522 = 0. What is the units digit of m?
7
Let d(m) be the third derivative of -m**6/40 - m**5/30 - m**4/24 + 2*m**3/3 + 18*m**2. Let y be d(-2). What is the units digit of (-44)/242 - (-752)/y?
4
Suppose 2266 = 4*m - 3*n, -2*m - 4*n + 155 = -989. What is the tens digit of m?
6
Suppose -2*r + 3876 = -6*i - 5810, 0 = -5*r + 3*i + 24167. What is the hundreds digit of r?
8
Suppose -15*w + 67 - 7 = 0. Suppose 3*i = w*p + 315, -i + 95 = -0*i + 2*p. What is the tens digit of i?
0
Suppose 5*v - 1191 = 2*o, 4*v - 2*o - 933 = -7*o. Suppose v = 4*y - 431. What is the units digit of y?
7
Let a(d) = 62*d**2 - 3*d - 6. Suppose 3*u + 7 = 4*h, -u + 6*u = -25. Let x be a(h). What is the units digit of (x - 2 - -3) + -2?
7
Suppose -4*j = 3*k - 6468 + 1183, -j = 5*k - 1317. Let o = j + -853. What is the tens digit of o?
6
Suppose -6902 = -v + 29997. Suppose -54*y = -23851 - v. What is the hundreds digit of y?
1
Suppose 8*o = 10*o - 52. Suppose 0 = o*d - 9573 - 11383. What is the units digit of d?
6
Let y be 205/41*(-4)/(-2). Suppose 3710 = y*l - 510. What is the hundreds digit of l?
4
Let o(y) = 16*y**2 - y - 36 - y - 15*y**2. What is the units digit of o(15)?
9
Let g(n) = 3*n**2 + 18*n + 47. Let y(s) = -2*s**2 - 8*s - 5. Let c be y(-5). Let u be g(c). Suppose -u = 3*a - 5*a. What is the tens digit of a?
2
Let k = -186 + 188. Suppose -5*z = -5*d + 10*d - 2505, -8 = k*z. What is the hundreds digit of d?
5
Let u = -69 - -73. Suppose -12*l - 500 = -u*k - 8*l, -3*k - l = -391. What is the tens digit of k?
2
Suppose 0 = 11368*s - 11374*s + 13158. What is the tens digit of s?
9
Suppose 5*d - 3467 = -87*x + 91*x, -x + 2782 = 4*d. What is the units digit of d?
5
Suppose -3*r = -21 - 9. Let x(b) = r*b + 10*b - 2*b - 2 + 8*b. What is the units digit of x(1)?
4
Suppose 3*b + 134*y - 14348 = 132*y, -b - 3*y = -4799. What is the thousands digit of b?
4
Suppose 41*s = 105330 + 364981. What is the units digit of s?
1
Let k be 2/(8/(-10))*(-136)/5. What is the units digit of (-17)/k + ((-3495)/4)/(-3)?
1
What is the hundreds digit of ((-53387)/(-2))/((-348)/(-696))?
3
Let r be (-45832)/(-2) + -4 + 2 - -1. Let d be r/45 + -2 + (-48)/(-27). What is the units digit of (-2)/14*-2 - d/(-7)?
3
Let m(a) = 36*a - 212. Let k be m(7). Let j = 8 + 46. What is the units digit of k/(-18) + 2 - (-5304)/j?
8
Let a(u) = -u**3 + 5*u**2 + 8*u - 7. Let b be a(6). Suppose b*d - 4*j + 116 = 0, 5*d + 4*j - 16 = -100. What is the tens digit of (42*15/d)/((-6)/8)?
4
Suppose 0 = -13*u - u + 5796. Suppose -4*i = -50 - u. Suppose -11 = g - i. What is the hundreds digit of g?
1
Let q = -161 + 252. Suppose 5*l + o - 824 = 0, -l = -2*o - q - 76. What is the units digit of l?
5
Let r be ((4/(-7))/(6/(-84)))/2. What is the hundreds digit of (102/27 - r) + (-68365)/(-45)?
5
What is the tens digit of (13 + 322/(-56))*52?
7
Suppose 0 = -89*q - 11510 + 162721. What is the tens digit of q?
9
Suppose -5*o + 24 = 2*k + 1, -3*o - 15 = 0. Suppose 0 = -k*u + 23*u + 13. Suppose g = u*g - 216. What is the tens digit of g?
1
Suppose 14*w + 6908 = 10*w. Let i = w - -2859. What is the units digit of i?
2
Suppose 2*f + 1108 = a, 4*a - 5*f + 2163 - 6592 = 0. Let p = a - 567. What is the hundreds digit of p?
5
Let g = -8360 + 11350. What is the units digit of g?
0
Let j(g) = -665*g + 191. Let i be j(-6). Suppose -24*y + 18869 - i = 0. What is the units digit of y?
2
Let q(b) = 11*b**3 + 4*b**2 + 4*b + 5. Let k be q(4). What is the hundreds digit of (-4 + 5)/(2/(-8)) + k?
7
What is the thousands digit of -2999*15/4*(-28)/21?
4
Let j = 2451 + -398. Let d = j + -1126. What is the tens digit of d?
2
Let n = 35 - 30. Suppose 0 = -g + 2*y + 243, -g - n*y - 75 = -311. What is the units digit of g?
1
Let z = 148 - 4. Suppose -13*r + 9*r = -z. What is the tens digit of r?
3
Let j = 106 + -103. Suppose j*u = 2*g - 2, 3*u = g + u. Suppose 4*f - 1100 = 4*t, 3*f - 359 = g*t + 466. What is the hundreds digit of f?
2
Let k(w) = 6*w**2 + 48*w - 58. What is the hundreds digit of k(-27)?
0
Suppose 2*u - 21 = k - 6*k, 5*u = -5*k + 30. Suppose u*r - 4*r = 2*p - 12, -r + p - 3 = 0. What is the units digit of 5/((6/123)/r)?
5
Suppose 159*x + 841 = u + 160*x, 3*u - x - 2519 = 0. What is the units digit of u?
0
Suppose 149044 = 7*o - 69181. What is the hundreds digit of o?
1
Suppose 32*b - 65384 = 66*b - 38*b. What is the ten thousands digit of b?
1
Suppose 0 = -42*h - 53832 + 518902 - 22894. What is the thousands digit of h?
0
Let j be 1*(-32)/3*3444/(-112). Suppose j*m - 1722 = 314*m. What is the tens digit of m?
2
Suppose -5*j - 3*o + 84590 = 0, -6*j - 5*o - 5279 + 106787 = 0. What is the thousands digit of j?
6
Suppose -7*w + 270 = 47*w. Suppose -2*f + 1038 = -w*d, f = -3*f + d + 2112. What is the units digit of f?
9
Let v(w) = -w**2 + 17*w + 2. Suppose -32 = 2*y - 66. Let q be v(y). Suppose 255 = q*z + p, 2*z - 5*p = 7*z - 640. What is the hundreds digit of z?
1
Let h(j) be the first derivative of -j**2 - 3*j + 5. Let b be h(-6). Suppose -b*s + 4*s + 675 = 0. What is the units digit of s?
5
Suppose 2063 = -3*a - 5*l + 38090, 0 = -4*a - l + 48019. What is the units digit of (-5)/2 - a/(-8)?
8
Let w(o) = -3*o - 37. Let n be w(-11). What is the hundreds digit of n - (-226)/(0 - 8/(-20))?
5
Let o = 102 + -143. Let n = o + 46. Suppose -2*x + y + 110 = 5*y, 167 = 3*x + n*y. What is the units digit of x?
9
Let c = 23383 + -13871. What is the thousands digit of c?
9
Let o = -261 - -273. What is the tens digit of ((-6)/o)/((-1)/188)?
9
Let w(d) = 3*d**2 + 66*d - 1458. What is the units digit of w(44)?
4
Let b = -10879 + 41843. What is the hundreds digit of b?
9
Let j = -14240 - -24423. What is the hundreds digit of j?
1
Let o(i) be the first derivative of -49*i**4/4 + i**3/3 + 11*i**2/2 + 10*i - 63. What is the hundreds digit of o(-2)?
3
Let y(n) = -16*n - 20. Let i be y(-6). Let c = i - 55. What is the units digit of c?
1
Let h be -3 - (-6 + 3) - (25/(-5) + 2). Let x(p) = 2*p. Let w be x(1). Suppose w*q + 245 = y, 0 = 2*y - h*q + 2*q - 502. What is the hundreds digit of y?
2
Let j(r) = 139*r**2 + 315*r - 4769. What is the tens digit of j(15)?
3
Let a be (26/(-4))/((-14)/(-56)). Let b = a + 24. What is the units digit of -4 + (b - -3) + 58?
5
What is the tens digit of ((-1)/2 + 0)*(-19562 - -354)?
0
Suppose 2*m - 5952 = -4*o + 1030, 0 = -3*m + 3*o + 10500. What is the hundreds digit of m?
4
Suppose 4*r = -2*v - 4, -4*r - 4 = -4*v - 0*r. Suppose -4*s + 